 = -226. Let g = l + -51. Suppose 4*q - 17 = -4*c + g, -q = 5*c - 46. List the prime factors of c.
3
Suppose -s + 33 = 8. Suppose 5*y - 27 = -3*i, 2*i + y = -0*y + s. List the prime factors of i.
2, 7
Suppose 0 = -3*x + m + 35, -3*m - 2*m - 43 = -4*x. Let d be (x/10)/(2/5). Suppose -10 = d*t - 40. List the prime factors of t.
2, 5
Suppose -b + 131 = 5*x, 2*x + 4*b - 13 - 25 = 0. Suppose 4*a = -4*t + 124, x = -a + 2*a + 5*t. List the prime factors of a.
2
Let b(w) be the second derivative of -w**4/12 - 7*w**3/6 - 2*w**2 - w. What are the prime factors of b(-3)?
2
Suppose -4*i + 32 = -5*w + w, 17 = -4*w + i. List the prime factors of -6*w*(1 - 0).
2, 3
Let o(y) = -y**2 + 4. Suppose 3*x = 2*r - 7*r - 8, 2*x - 2 = 4*r. Let c = 1 + r. List the prime factors of o(c).
2
Suppose 0 = -0*s + 3*s + 4*j - 66, 0 = -2*s - 4*j + 48. List the prime factors of s.
2, 3
Let u be (2/(-2))/((-3)/36). List the prime factors of (-2)/((-27)/u - -2).
2
Let n(y) = y - 9. Let v be n(11). Suppose -v = h - 1. List the prime factors of 3/2*(1 - h).
3
Let k = -147 - -403. List the prime factors of k.
2
Suppose 4 = -2*c + 4*r - 2, 2*c - 22 = -3*r. Suppose -34 = -3*m + c*g + 5, 2*m + g = 13. List the prime factors of m.
2
Let t(s) = -208*s**3 + s**2 + 3*s + 3. List the prime factors of t(-1).
11, 19
Let u(w) = -w**2 - w + 1. Let q be u(3). Let k = q - -21. What are the prime factors of k?
2, 5
Let i = 2 - -2. Let n(g) = 7*g - 5. Let z be n(i). Suppose 3*p - 19 = -5*r + 6, 0 = 2*p - 3*r - z. List the prime factors of p.
2, 5
Suppose -4*r - 73 = -3*z, -4*r + 13 = -4*z + 109. Suppose -5*o - z + 63 = 0. What are the prime factors of o?
2
Let d(r) = r**2 - 3*r + 6. Let v be d(4). Let c = 7 - 5. Suppose 0 = 2*j - p - v, -j + 3*p = c*j - 15. List the prime factors of j.
5
Suppose -1 + 3 = 2*f. Let y(g) be the third derivative of g**5/5 - g**3/6 - 2*g**2. List the prime factors of y(f).
11
Let l(x) = -10*x + 1. Let y be l(1). Let m = 16 - y. What are the prime factors of m?
5
Let d(o) = 69*o**3 - o**2 + 6*o - 5. List the prime factors of d(1).
3, 23
Let q(t) = -6*t**2 - 12*t - 7. Let k(f) = -7*f**2 - 13*f - 8. Let m(d) = -5*k(d) + 6*q(d). Let y be m(-7). Let u(j) = -2*j + 2. List the prime factors of u(y).
2, 3
Let o be (-3 + (6 - 3))/1. Suppose 5*s = -o*s + 10. Suppose 0 = j + 3*u - 13, -2*j + s*u = -0*u - 18. List the prime factors of j.
2, 5
Let p(x) = x**2 - 5*x + 5. Let b be p(4). List the prime factors of 22 + -4 + (b - 0).
19
Suppose -4*c + 15 = 2*o - 51, 5*o + 6 = -c. What are the prime factors of c?
19
Let p(j) = j**2 + 3*j - 1. Let z be p(-2). Let q be 2 - z/(-9)*3. What are the prime factors of -3 - -9 - -2*q?
2
Let d(y) = y**2 + 7*y + 3. Let p be d(-7). Let q = p - 3. Suppose -3*m + 17 + 4 = q. What are the prime factors of m?
7
Suppose 3*f + 11 + 1 = 0. Let x(z) = -7*z**2 - 10*z - 8. Let s(q) = -8*q**2 - 11*q - 9. Let t(c) = 6*s(c) - 7*x(c). List the prime factors of t(f).
2
Let x be 5*(4 + -2)/(-2). Let f = -1 - x. Suppose h - 3*w - 18 = 0, -61 + f = -5*h + 4*w. What are the prime factors of h?
3
Suppose 3*u + 5*f - 136 = f, 0 = -2*u - 4*f + 96. What are the prime factors of u?
2, 5
Let k = -24 - -39. What are the prime factors of k/5*(-8)/(-3)?
2
Suppose 0 = -0*v - 5*v + 25. Suppose -15 = -5*y + v*i + 15, 4*y + 3*i - 38 = 0. What are the prime factors of y?
2
Suppose 5*h - 56 = 344. List the prime factors of h.
2, 5
Suppose 6 = 2*s - 0. Suppose 3*q = s*y, -4*q + 5*y - 3 + 0 = 0. What are the prime factors of q?
3
What are the prime factors of (-129)/(-3) - (-1 + -3)?
47
Let l = -9 + 5. Let f be l/(-1) + 4/(-4). Suppose -2*c = 5*i - 36, 0 = i + f*c - 0*c - 2. What are the prime factors of i?
2
Let t be (-43)/5 - (-2)/(-5). Let k(w) = w**2 + 9*w + 3. List the prime factors of k(t).
3
Suppose -3*r + 166 = 61. List the prime factors of r.
5, 7
Suppose 0*i = i - 5. Suppose 6*v - 5*r = 2*v + 11, -61 = -4*v - i*r. Suppose 0 = 5*y - 36 - v. List the prime factors of y.
3
Suppose -z + 32 = 2*f - 65, -2*z + f = -204. List the prime factors of z.
101
Suppose -173 = -3*n - j - 3*j, -2*n + 2*j + 120 = 0. List the prime factors of n.
59
Suppose -4*h - 3*g = 2*g - 2, 0 = -4*g - 8. List the prime factors of h.
3
Let j(t) = -2*t + 4. Let i be 20/8 + 3/6. Let v be i*-2 + -8 + 6. List the prime factors of j(v).
2, 5
Let k = 43 + -30. List the prime factors of k.
13
List the prime factors of 1408/10 + -2 + 11/55.
139
Suppose 4*s - 20 = -0*s, 80 = 5*o - 2*s. List the prime factors of o.
2, 3
Suppose 3*n = m - 9, -19 = n + 4*n - 3*m. List the prime factors of (3/(-2))/(n/12).
3
Suppose -2*y - t - 145 + 42 = 0, 4*y + 201 = -t. Let s be (-1)/2 - y/14. What are the prime factors of 3*s + (3 - 3)?
3
List the prime factors of 142*-5*4/(-40).
71
Let i(w) = -4*w**3 + 3*w**2 + 3*w + 8. Let u(z) = -5*z**3 + 2*z**2 + 2*z + 7. Let c(t) = 4*i(t) - 3*u(t). List the prime factors of c(7).
2
Let w be 12/(-42) - (-68)/(-7). Let h be 2/(-2 + (-24)/w). Suppose -16 = -3*a + 2*l, -5*l - 29 = -h*a + 6. List the prime factors of a.
2
Suppose -3*c - 2*c = 5, 5*c = 4*h - 533. What are the prime factors of h?
2, 3, 11
Let v be 302/14 - (-33)/77. Suppose 0 = -4*f - 2 + v. List the prime factors of f.
5
Suppose 0 = 3*g - 27 - 27. What are the prime factors of g?
2, 3
Suppose c + 3*c - 220 = 0. What are the prime factors of c?
5, 11
Let b = 1 + 8. Suppose b = o + 2*o. Suppose 11 = u + o*w, 4*u - 6 = w + 12. What are the prime factors of u?
5
What are the prime factors of (30/(-8))/((-14)/112)?
2, 3, 5
Suppose -3*i + z = -229, -2*z = -2*i - z + 152. What are the prime factors of i?
7, 11
List the prime factors of (-10)/(-30)*(-1 - -1) - -208.
2, 13
Suppose 2*r + 6 = 4*c, 3*c + c + 4*r = 24. Suppose 5*k = 2*k + s + 49, 2*s - 64 = -c*k. List the prime factors of k.
2, 3
Let v = -7 + 7. Suppose 3*l - 3*b + 7 - 34 = 0, 2*b + 6 = v. What are the prime factors of l?
2, 3
Let q(m) = 3*m**2 + 3*m + 1. Let d = -8 - -3. Let j(v) = -2*v**2 - 2*v - 1. Let f(o) = d*j(o) - 3*q(o). What are the prime factors of f(0)?
2
Let m = -30 + 52. List the prime factors of m.
2, 11
Let c(g) = -13*g - 43. List the prime factors of c(-11).
2, 5
Let w(l) = l**2 - l. Let h be w(0). Let k = 1 - -1. Suppose h*y = k*y - 14. What are the prime factors of y?
7
Let g(s) = 9*s**2 + 2*s. What are the prime factors of g(-3)?
3, 5
Suppose -2*k + 2*f + 8 = -4, 2*f = -5*k + 9. Let u be (k/(-2))/(2/(-4)). List the prime factors of (u/(-5))/(5/(-75)).
3
Suppose -f = -0*f + 2. List the prime factors of 2/(-4*f/56).
2, 7
Let p = 118 + -46. Suppose p = -0*f + 4*f. List the prime factors of f.
2, 3
Let x = 286 + -176. List the prime factors of x.
2, 5, 11
Let t = 24 - 21. Let c = 32 - t. What are the prime factors of c?
29
Let p = -37 - -100. Suppose 5*h + i = 2*i + p, 2*i = -3*h + 43. List the prime factors of h.
13
Let u(b) be the third derivative of -2*b**2 - 1/8*b**4 + 1/3*b**3 + 0 + 0*b. What are the prime factors of u(-2)?
2
Suppose 0 = -2*f - 2 - 4, 3*f + 306 = 3*h. Suppose -2*t + 20 = -4*w, 4*t - 4*w + 39 = h. List the prime factors of t.
2, 5
Let n(s) = -s**3 - 7*s**2 - 8*s + 3. List the prime factors of n(-7).
59
Suppose 2*f = -0*f - 10. Let x(v) = -4*v + 0*v - 28 + 22. What are the prime factors of x(f)?
2, 7
Suppose -2*r = 4*v - 22, 6*v - 27 = -3*r + 2*v. Suppose 61 + 24 = r*c. List the prime factors of c.
17
Let n(g) = -g**3 - 8*g**2 + 7. Let x be n(-8). Suppose -53 = -5*s + x. Let k = s - 2. List the prime factors of k.
2, 5
Let w be (2/1 + -1)*0. Suppose w*b + s - 16 = -3*b, -1 = -3*b - 4*s. Suppose -31 = -2*k - b. List the prime factors of k.
2, 3
Suppose -3*d = d - 16. Suppose 0*r + 76 = d*r. What are the prime factors of r?
19
Suppose -g + 1 = -1. Suppose -2*d + d + g = 0. What are the prime factors of (3/d)/(9/60)?
2, 5
Suppose 0*c + 4*a = c + 21, -5*a + 29 = -4*c. List the prime factors of (21/12)/(c/(-8)).
2, 7
Let r = -348 - -598. List the prime factors of r.
2, 5
Let t(i) = -i**2 + 7*i - 5. Let v be t(5). Suppose -35 = 5*f + v. Let b = 21 + f. List the prime factors of b.
13
Let x be (12/3)/(-2) + 5. Let z = -6 - -24. Suppose 4*f = f + 3*q + z, 0 = x*f + q - 18. List the prime factors of f.
2, 3
Let y be 10/8 + (-4)/16. List the prime factors of y/(28/(-30) + 1).
3, 5
Let i be -46*((-4)/8 + 1). Let r = -16 - i. List the prime factors of r